= -2*k - 15. What is the tens digit of t?
1
Suppose 5*q - 2*c - 3*c + 5 = 0, q + 9 = -c. Let z be (-256)/26 + (-4)/26. Let r = q - z. What is the units digit of r?
5
Let b be ((-18)/8)/(2/8). Let d = -6 - b. Suppose -6*q + 15 = -q, 4*q = d*r - 3. What is the units digit of r?
5
Let f = 121 + -63. What is the units digit of f?
8
Let c = 85 - 47. What is the tens digit of c?
3
Let r be (-8)/(-44) - (-106)/22. Let d = r + -3. Suppose -50 = -5*q + w, 3*q + 0*w = d*w + 30. What is the units digit of q?
0
Suppose 5*n + 3*r - 1 = -0, r = 3*n + 5. Let j = -2 + n. What is the tens digit of -5 + j/(-1) - -12?
1
Suppose 12*r - 190 = 7*r. What is the units digit of r?
8
Let k(c) = c**2 - 9*c + 9. Let v be k(7). Let n = 11 - v. What is the tens digit of n?
1
Suppose 21 = y - 0*y. Suppose -c + 7 = -y. What is the tens digit of c?
2
Suppose 5*b - 4*m - 1135 = 0, 4*m = 4*b - 715 - 197. What is the hundreds digit of b?
2
Suppose -260 - 500 = -5*r. What is the units digit of r?
2
Suppose 1 = -2*g + 11. Let k = g + 0. Let j = k + -2. What is the units digit of j?
3
Let a(m) = m**3 + 6*m**2 + 5*m + 2. Let z be a(-5). Let x = -3 + 2. Let v = z - x. What is the units digit of v?
3
What is the tens digit of (1/2)/(15/3600)?
2
Let s be (-5)/20 + (-13)/(-4). Suppose b + 4*b = -5*o + 70, -2*o + 38 = s*b. Let w = 14 - b. What is the units digit of w?
4
Let w(q) = -2*q - 3. Let d be w(3). Let i = 25 + d. What is the tens digit of i?
1
Let g(m) = 90*m - 1. What is the tens digit of g(1)?
8
Let s = -1 + 5. Suppose -1 = -3*x - s. What is the units digit of ((-1)/x)/(1/15)?
5
Let i be 1/4*-3*-60. Suppose 2*k = -5*d + 39, k + 2*d = -4*k + i. What is the units digit of k?
7
Let z be -3*2/3 + 0. What is the units digit of 3 + 2/(-4)*z?
4
Let q be -8*(1 + 6/(-4)). Let r be 3 + -4*(-2)/4. Suppose -3*g - d + 5 = 0, 5*g - q*d - 9 = -r*d. What is the units digit of g?
2
Let g(m) = m**3 + m**2 + 7. Let f be g(0). Suppose u + f = 2*u. What is the units digit of u?
7
What is the units digit of (-12)/3 + -2*(-18)/4?
5
Suppose 4*k + 356 = 4*z, -2*k + 1 = -3. What is the tens digit of z?
9
Let o be (2 - 3)*1 - -2. What is the units digit of -1 - o - (2 + -6)?
2
Suppose -2*k + k + 5 = 0, -y - 4*k = -60. What is the units digit of y?
0
Let x = 4 - 7. Let t be x/((-5)/2 - -2). What is the units digit of 6/9 - (-14)/t?
3
Suppose -g - 137 + 44 = 0. Let i = -63 - g. What is the units digit of i?
0
What is the tens digit of 3 - (1 + -45 - 2)?
4
Let m(x) = -x**2 + 14*x. Let o be m(14). What is the units digit of 1 + o + (-70)/(-2)?
6
Suppose -5*d + 5 = 0, d - 3*d = -4*f + 22. What is the units digit of f?
6
Let b(i) = -i**3 - 13*i**2 + 22*i - 36. What is the tens digit of b(-15)?
8
Let r be (-62)/(-22) - 10/(-55). What is the units digit of 40/6 - 2/r?
6
Let t(u) = -u + 1. Let y be t(-1). Suppose 4*j - 2*d = -14, 2*j + 4 = -3*j - y*d. What is the units digit of 7 + -2 + 1*j?
3
Let p = 6 + -3. Suppose -2*k + k = -p. What is the units digit of k?
3
Suppose 0 = 3*w - 2*w - 22. What is the tens digit of w?
2
What is the units digit of (-15)/(-60) - (-599)/4?
0
Let u be (4/(-3) - -1)*-141. Suppose 3*d = u + 19. Suppose 0 = -0*t + 4*t - 16, d = 2*l + 4*t. What is the units digit of l?
3
What is the units digit of (-1)/((-2)/4) - -122?
4
Let t(f) = 26*f - 9. What is the units digit of t(4)?
5
Suppose 8 = -a + 2*a - 5*u, 4*a + 4*u - 8 = 0. Let v be a*6/9 + 3. Suppose -i - 11 = -0*j - 3*j, -v*j = i - 29. What is the units digit of i?
4
Let i = 80 - 29. Suppose -5*p + 2*p = -i. What is the units digit of p?
7
Let q be (7 + -1)*(9 + -8). Let w = q - -16. What is the units digit of w?
2
Let a(g) = -g**3 - 22*g**2 - 24*g - 16. What is the units digit of a(-21)?
7
Suppose -3*n + 773 = 5*c, 803 = 3*n - c - 0*c. What is the hundreds digit of n?
2
Let o(i) = -i**2 + 5*i - 1. Let l(d) = -d**2 + 8*d - 6. Let v be l(6). Let t be o(v). Let h = t + 11. What is the units digit of h?
4
Let k(o) = 11 + 3*o - 2*o - 2. Let a be k(-7). What is the units digit of a + (1 - (-6)/(-3))?
1
Let b be ((-4)/2)/(12/18). What is the units digit of (-12)/(-5) - b/5?
3
Let p(i) = -i**2 + 3*i + 4. Let y be p(3). What is the units digit of (y + -3)/(3/39)?
3
Let n be 3/((-3 - -6)/3). Suppose -n*u - u = 28. What is the units digit of 2/u - 456/(-28)?
6
Let w = -3 - -33. Let t be 3*w/(-27)*-3. Suppose 3*x - 2*x = t. What is the tens digit of x?
1
Let a = 2 + -8. Let h = 7 - a. What is the units digit of h?
3
Let u be -3*(8/(-6) + -1). Let x be (u + (1 - 3))/1. What is the units digit of x/1 - (-2 + 0)?
7
Let a(w) = w**2 - 6*w - 6. Let f be a(6). Let l = f - -11. What is the units digit of l?
5
Suppose 0 = -5*a - 0 + 10. Let w(v) = 4*v**2 - 3*v + 1. What is the units digit of w(a)?
1
Let a(i) = -i**3 - 5*i**2 - 2*i - 3. Let v be (-12 + 1 + -2)*-1. Suppose 4*k - 2*u + v = -1, 37 = -5*k - 4*u. What is the units digit of a(k)?
7
Let c be (30/25)/(3/110). Suppose 5*h - 1 = c. What is the units digit of h?
9
Suppose -3*g = -3*k + 15, -4*g = 3*k - 5 - 3. What is the units digit of k?
4
Suppose 0 = -2*z - 4, -3*v = 2*v + 2*z + 29. Let l = -3 - v. What is the units digit of l?
2
Let o = 1 + 58. What is the tens digit of o?
5
Suppose -4*q + 21 = -o, 2*q - 4*o + 4 = 18. Suppose 0 = -q*p + l + 69, -2*l - 2 = -4. Suppose p = 2*b + 2. What is the units digit of b?
6
Let l(y) = 2*y - 5. Let k be l(4). Let w = k - 0. What is the units digit of w?
3
Suppose 0 = -2*l + 3*b - 27, -4*l - b = 3*b + 24. Let y = 85 + -60. Let i = y + l. What is the tens digit of i?
1
What is the tens digit of (-5627)/(-153) + (-2)/(-9)?
3
Let m = 24 + -17. What is the units digit of m?
7
Let r = 1 + -1. Suppose 3*h + 3*w + 16 = 7*w, 3*h + 5*w - 20 = r. Let z = 5 - h. What is the units digit of z?
5
Suppose 14*k = 10*k + 828. What is the tens digit of k?
0
Let n = 57 + 53. What is the units digit of n?
0
What is the tens digit of (-45)/12 + 3 - (-6930)/24?
8
Let t = -2 + 9. Let w be t + 2 + -3 + -2. Suppose 13 - w = h. What is the units digit of h?
9
Let w(q) = -8*q - 31. What is the tens digit of w(-15)?
8
Suppose 7*s = 6*s + 1. Let i = 6 + s. What is the units digit of i?
7
Let s be (-24)/(-10)*(-30)/(-9). Let t = 0 + s. What is the units digit of t?
8
Suppose m - 28 = 2*i, 3*m = 3*i + 25 + 47. Let x = m - 11. What is the units digit of x?
9
Let d(g) = 98*g**3 + g**2 - 1. What is the tens digit of d(1)?
9
Suppose 5*v + 1 - 5 = -4*t, -1 = 2*v - t. Let w(o) = -o + 24. What is the units digit of w(v)?
4
Suppose 2*j = 4*f - 194, 0*f - 230 = -5*f + 5*j. What is the tens digit of f?
5
Let a be 6*(1 + 1/(-3)). Suppose -i - 2 = 0, -20 = z + 2*z + a*i. Let x = 8 + z. What is the units digit of x?
4
Suppose -3*w + 19 = 3*p - w, -4*w = p - 23. Suppose 4*h = -2*c + 1 + p, -2*h = 5*c - 2. Suppose c = 2*a + a - 12. What is the units digit of a?
4
What is the units digit of 3/5 - 4272/(-30)?
3
Let s = 303 + -166. What is the hundreds digit of s?
1
What is the units digit of 223/7 + 1/7?
2
Suppose 5*b + 5*y = 440, -b - 3*b - 5*y = -357. Suppose -5*c - 1 = q - c, 2*c + b = 5*q. What is the units digit of q?
5
Let v be 8/(-1)*(5 + -3). What is the units digit of (8/v)/(2/(-132))?
3
Suppose 3*k - 4*k + 110 = 2*d, 0 = -4*d. What is the hundreds digit of k?
1
Let h = 4 - 5. What is the units digit of h*(-2 + -7 + 0)?
9
Let k(v) = -v**3 - 7*v**2 + 7*v + 2. Let o(z) = -2*z - 7. Let i be o(-7). Suppose 32 = -i*b + 3*b. What is the units digit of k(b)?
0
Let p = 244 - 36. What is the hundreds digit of p?
2
Suppose 3*b - 25 = -2*b. Suppose 0*a + 110 = b*a. Suppose 0 = -0*l + 5*l - 4*p - a, -p = 5*l - 7. What is the units digit of l?
2
Suppose -138 = -0*z - 3*z. What is the units digit of z?
6
Let j be (0 + 0)/(-2 - -3). Suppose 3*b - 2*b - 15 = j. What is the tens digit of b?
1
Suppose 0 = -m - m + 10. Suppose 15 = m*n, 5 + 9 = 2*z + 4*n. What is the units digit of z?
1
Let a be (6/(-24))/(1/(-8)). Suppose a - 5 = -v. Suppose -2*g + 38 = 2*j, 51 = v*j - 0*j - 3*g. What is the units digit of j?
8
Let y(a) = a**2 - 12*a + 3. Let d be y(11). Let v(o) = 2*o**2 + 10*o + 12. What is the units digit of v(d)?
0
Let g be ((-135)/3)/(6/(-4)). Let y = -15 + g. Suppose 5*d + 3*i - 34 - 42 = 0, -5*i = y. What is the units digit of d?
7
Suppose v - 2*m = -3, -4 = v - 0*m - m. What is the units digit of (4/v)/(3/